at is -332313303003012 + -3?
-332313303003021
In base 8, what is -3711107 - -221?
-3710666
In base 9, what is 15720766 - 12?
15720754
In base 9, what is 5 - 2120683?
-2120677
In base 6, what is -5 - 42520200?
-42520205
In base 4, what is 3 + -102000203223?
-102000203220
In base 6, what is 55211 + 15410?
115021
In base 13, what is 20a32 - 222a?
1b805
In base 15, what is 302064 + 35?
302099
In base 12, what is 2962b - 2086?
27565
In base 2, what is 1101 + 111110101011101?
111110101101010
In base 15, what is -2b0d355 + -b?
-2b0d361
In base 14, what is 21a50 - 15b?
218d3
In base 6, what is 130 - 14422435?
-14422305
In base 16, what is 353a1 - 20?
35381
In base 6, what is 1001 - 3152102?
-3151101
In base 16, what is -101984 + 2b?
-101959
In base 4, what is 21330030013 - -3?
21330030022
In base 14, what is -400 - -cc502?
cc102
In base 9, what is -213340 - -30?
-213310
In base 8, what is -2 + 116660660?
116660656
In base 3, what is 1002002 + 1202020020?
1210022022
In base 9, what is 455 + -1322140?
-1321574
In base 7, what is -3 + 45610225?
45610222
In base 5, what is -124243 + -21422?
-201220
In base 5, what is 33334012 - -1232?
33340244
In base 10, what is -1006 - -11141?
10135
In base 15, what is 705 - -13004?
13709
In base 2, what is 1001111 + -1110010010000111?
-1110010000111000
In base 6, what is 254442514 - 3?
254442511
In base 2, what is -100000011011101111111111110 + -101?
-100000011011110000000000011
In base 9, what is -1503862 - -161?
-1503701
In base 9, what is -20 - 15237?
-15257
In base 11, what is 91153 - 1260?
8a9a3
In base 14, what is 1 - -273143?
273144
In base 16, what is 1168 - 1d5?
f93
In base 6, what is -335351555 - 13?
-335352012
In base 8, what is 1 + 231222136?
231222137
In base 2, what is -10001001 - 10011111000001110?
-10011111010010111
In base 9, what is -416138 - -301?
-415737
In base 16, what is 142 - a6f4?
-a5b2
In base 10, what is 313401373 - 1?
313401372
In base 10, what is -61595 + 1987?
-59608
In base 16, what is 3b9e1 + -24?
3b9bd
In base 5, what is 4333 + 110023414?
110033302
In base 7, what is -153564355 + -15?
-153564403
In base 6, what is -4431210454 + -2?
-4431210500
In base 10, what is 283608754 + 1?
283608755
In base 4, what is -120223020000 - 111?
-120223020111
In base 5, what is 43 - -233441423?
233442021
In base 2, what is 111101010 + 1000011010001101001100?
1000011010010100110110
In base 3, what is -10 - -122210221221120?
122210221221110
In base 16, what is -3 + 88f706?
88f703
In base 15, what is a9 + -5bb4a?
-5ba91
In base 11, what is 1165285 - -6?
1165290
In base 2, what is -1000101111001111 + -1110111?
-1000110001000110
In base 13, what is 74 - 132a73?
-1329cc
In base 4, what is 2121 + -23130010002?
-23130001221
In base 15, what is -2179 - 3c3?
-254c
In base 15, what is -9c36c + -a?
-9c377
In base 9, what is 5 - 125806887?
-125806882
In base 9, what is -34 - 732215?
-732250
In base 10, what is 3 + -31867936?
-31867933
In base 13, what is -32146 - 153?
-32299
In base 14, what is -da7 + 3d25?
2d5c
In base 2, what is 1111011 - -100001000101110111000?
100001000110000110011
In base 7, what is 25221006 - -5?
25221014
In base 13, what is -1217 - 18c2?
-2b09
In base 5, what is 3 - -434112303331?
434112303334
In base 10, what is -468876 + 69?
-468807
In base 15, what is -113732 + 12?
-113720
In base 16, what is -13 - 243d6?
-243e9
In base 9, what is 56 + -1281612?
-1281545
In base 2, what is 1011100101011001 + -1010111011?
1011011010011110
In base 2, what is -10001111011100101011000001 + -11010?
-10001111011100101011011011
In base 15, what is 1494 - -55ed6?
5747a
In base 16, what is 869f0f + 1e?
869f2d
In base 13, what is 5 - 106605b7?
-106605b2
In base 14, what is -8bcbd5d + 1?
-8bcbd5c
In base 10, what is 2969601 - -399?
2970000
In base 16, what is 2 - 1bacee5?
-1bacee3
In base 2, what is 1111110100100000 + -1111011?
1111110010100101
In base 16, what is 9dab3 - -10b?
9dbbe
In base 10, what is -341 - -23570?
23229
In base 16, what is -10 - -7fe460?
7fe450
In base 14, what is -5 + cb52bd6?
cb52bd1
In base 2, what is 1100111100110 - -1011111010011101?
1101100010000011
In base 6, what is 25412313 - -104?
25412421
In base 8, what is -2 - -1102004?
1102002
In base 6, what is 3211 + 234035?
241250
In base 15, what is 125c91e - -3?
125c922
In base 10, what is -435325 + 0?
-435325
In base 5, what is -1043424 + 2323?
-1041101
In base 4, what is -11 - -13020213303?
13020213232
In base 7, what is -466364423 + -2?
-466364425
In base 16, what is 87da114 - -2?
87da116
In base 6, what is -13013140 + -11?
-13013151
In base 12, what is -232a + -2411?
-473b
In base 12, what is -9a46835 - -4?
-9a46831
In base 13, what is 1a77b - -162?
1a910
In base 7, what is 6634 + 31501?
41435
In base 15, what is bd8db + 35?
bd921
In base 11, what is -3778473 + -2?
-3778475
In base 6, what is 205 + 2102033?
2102242
In base 14, what is 1 - dd9dc?
-dd9db
In base 6, what is 102411 - 153?
102214
In base 12, what is -892 + 5590?
48ba
In base 8, what is 452371 - 3426?
446743
In base 16, what is 5 - -28e135e?
28e1363
In base 4, what is 332132333023 + 200?
332132333223
In base 14, what is bb + -bac3d?
-bab62
In base 12, what is -3 - 28bb00?
-28bb03
In base 4, what is -2 - -1202021022013?
1202021022011
In base 11, what is 31 - -126766?
126797
In base 16, what is 228 - -53243?
5346b
In base 5, what is 22020400021 - -1?
22020400022
In base 8, what is -1476 + 301241?
277543
In base 8, what is 10007004 - -17?
10007023
In base 3, what is 102020 - 102120000200?
-102112121110
In base 3, what is 11 + 10001000111101?
10001000111112
In base 6, what is 305210011 + -21?
305205550
In base 15, what is -3a8 - d6?
-48e
In base 15, what is -45 + 6edd1d?
6edcc8
In base 5, what is -3 - -214120143?
214120140
In base 6, what is -2400423044 + 3?
-2400423041
In base 13, what is -4 - 420b3?
-420b7
In base 12, what is 1 + -30401699?
-30401698
In base 16, what is -3 - -17468a79?
17468a76
In base 16, what is b6 + -2022f2?
-20223c
In base 7, what is -36301 - 1520?
-41121
In base 16, what is -10 - -2cfcf?
2cfbf
In base 11, what is 3 + 20a0401?
20a0404
In base 12, what is 2a042 + -222?
29a20
In base 14, what is -3 + 49a9505?
49a9502
In base 6, what is -20205341 - -1410?
-20203531
In base 16, what is -990cd + -2f7?
-993c4
In base 2, what is -101 + -11001110111010101011101111?
-11001110111010101011110100
In base 13, what is -23 + 7145a6?
714583
In base 13, what is 48 - 16ca26?
-16c9ab
In base 2, what is 11001111101100011 - 1011001110?
11001110010010101
In base 4, what is 12001133 + 122322?
12130121
In base 5, what is -244142424 - -2?
-244142422
In base 10, what is -70 + 13431?
13361
In base 3, what is -211112211120120 + 1?
-211112211120112
In base 8, what is 0 - 63715177?
-63715177
In base 7, what is -162 + -40400?
-40562
In base 13, what is -17 - 75877?
-75891
In base 13, what is b + -463196?
-463188
In base 14, what is -2 - -11554b?
115549
In base 11, what is 18 - 40303a43?
-40303a26
In base 3, what is 0 + -2021022002210211?
-2021022002210211
In base 15, what is -2 - 48211?
-48213
In base 2, what is 1111000011100101000 + -101010101?
1111000010111010011
In base 13, what is 5 + 22975cc?
2297604
In base 7, what is 4 + 4311433?
4311440
In base 2, what is 11 + -110110110110111000100001000?
-110110110110111000100000101
In base 11, what is -984941a - -4?
-9849416
In base 12, what is 24a6a + 6b20?
2b98a
In base 8, what is 340 + -1022460?
-1022120
In base 9, what is 104180103 + 14?
104180117
In base 13, what is bccb6b54 + -5?
bccb6b4c
In base 9, what is -4 + 5761810?
5761805
In base 9, what is 150063 + 21?
150084
In base 11, what is 3866a165 - -5?
3866a16a
In base 4, what is -102 + -1123211131?
-1123211233
In base 15, what is cd396 - 2?
cd394
In base 4, what is 20 + 2133001332313?
2133001332333
In base 8, what is 615075 - -6014?
623111
In base 2, what is 0 + -10111001000111101111011100001?
-10111001000111101111011100001
In base 16, what is -65 - -2e914?
2e8af
In base 4, what is -13312022 - 133203?
-20111231
In base 15, what is 301 - -c4dda?
c51db
In base 7, what is 44 - 13556061?
-13556014
In base 13, what is 3 + -21a22c?
-21a229
In base 12, what is 2417 + 180?
2597
In base 11, what is -183a8a250 + 5?
-183a8a246
In base 8, what is 550 - 562454?
-561704
In base 15, what is -102 + -1050